{"id":20,"date":"2025-07-12T15:19:16","date_gmt":"2025-07-12T15:19:16","guid":{"rendered":"https:\/\/masdetoureves.fr\/?page_id=20"},"modified":"2025-08-22T09:29:38","modified_gmt":"2025-08-22T09:29:38","slug":"contact-ou-trouver-nos-produits","status":"publish","type":"page","link":"https:\/\/masdetoureves.fr\/index.php\/contact-ou-trouver-nos-produits\/","title":{"rendered":"Contact \/ o\u00f9 trouver nos produits ?"},"content":{"rendered":"\n<h2 class=\"wp-block-heading has-text-align-center\">Nous conctacter<\/h2>\n\n\n\n<hr class=\"wp-block-separator has-text-color has-ast-global-color-0-color has-alpha-channel-opacity has-ast-global-color-0-background-color has-background\" style=\"margin-top:var(--wp--preset--spacing--60);margin-bottom:var(--wp--preset--spacing--60)\"\/>\n\n\n\n<div class=\"wp-block-columns is-layout-flex wp-container-core-columns-is-layout-ec2e7a44 wp-block-columns-is-layout-flex\" style=\"padding-top:0;padding-bottom:0\">\n<div class=\"wp-block-column is-vertically-aligned-center is-layout-flow wp-block-column-is-layout-flow\">\n<p class=\"has-text-align-center\" style=\"font-size:28px\">Retrouvez nous \u00e0 la ferme<br>Mas De Tourev\u00e8s <br>48160 Le Collet de D\u00e8ze<\/p>\n\n\n\n<hr class=\"wp-block-separator has-text-color has-ast-global-color-0-color has-alpha-channel-opacity has-ast-global-color-0-background-color has-background\" style=\"margin-top:var(--wp--preset--spacing--60);margin-bottom:var(--wp--preset--spacing--60)\"\/>\n\n\n\n<p class=\"has-text-align-center\" style=\"font-size:28px\"> mastoureves@gmail.com<br>06 21 69 22 03<\/p>\n<\/div>\n\n\n\n<div class=\"wp-block-column is-layout-flow wp-block-column-is-layout-flow\">\n<figure class=\"wp-block-image size-large is-resized\"><img loading=\"lazy\" decoding=\"async\" width=\"1024\" height=\"966\" src=\"https:\/\/masdetoureves.fr\/wp-content\/uploads\/2025\/08\/Localisation-Mas-De-Toureves-1-1024x966.png\" alt=\"\" class=\"wp-image-594\" style=\"width:400px\" srcset=\"https:\/\/masdetoureves.fr\/wp-content\/uploads\/2025\/08\/Localisation-Mas-De-Toureves-1-1024x966.png 1024w, https:\/\/masdetoureves.fr\/wp-content\/uploads\/2025\/08\/Localisation-Mas-De-Toureves-1-300x283.png 300w, https:\/\/masdetoureves.fr\/wp-content\/uploads\/2025\/08\/Localisation-Mas-De-Toureves-1-768x725.png 768w, https:\/\/masdetoureves.fr\/wp-content\/uploads\/2025\/08\/Localisation-Mas-De-Toureves-1-1536x1449.png 1536w, https:\/\/masdetoureves.fr\/wp-content\/uploads\/2025\/08\/Localisation-Mas-De-Toureves-1-2048x1932.png 2048w\" sizes=\"auto, (max-width: 1024px) 100vw, 1024px\" \/><\/figure>\n<\/div>\n<\/div>\n\n\n\n<div style=\"height:100px\" aria-hidden=\"true\" class=\"wp-block-spacer\"><\/div>\n\n\n\n<h2 class=\"wp-block-heading has-text-align-center\">O\u00f9 trouver nos produits ?<\/h2>\n\n\n\n<hr class=\"wp-block-separator has-text-color has-ast-global-color-0-color has-alpha-channel-opacity has-ast-global-color-0-background-color has-background\" style=\"margin-top:var(--wp--preset--spacing--60);margin-bottom:var(--wp--preset--spacing--60)\"\/>\n\n\n\n<h2 class=\"wp-block-heading has-text-align-center has-large-font-size\">Sur les march\u00e9s<\/h2>\n\n\n\n<div class=\"wp-block-columns is-layout-flex wp-container-core-columns-is-layout-ec2e7a44 wp-block-columns-is-layout-flex\" style=\"padding-top:0;padding-bottom:0\">\n<div class=\"wp-block-column is-layout-flow wp-block-column-is-layout-flow\">\n<figure class=\"wp-block-image aligncenter size-full is-resized\"><img loading=\"lazy\" decoding=\"async\" width=\"512\" height=\"512\" src=\"https:\/\/masdetoureves.fr\/wp-content\/uploads\/2025\/08\/cropped-LOGO-CARRE-512x512-NOIR-T_LOGO-CARRE-512x512-NOIR-Flavicon-2.png\" alt=\"\" class=\"wp-image-55\" style=\"width:40px\" srcset=\"https:\/\/masdetoureves.fr\/wp-content\/uploads\/2025\/08\/cropped-LOGO-CARRE-512x512-NOIR-T_LOGO-CARRE-512x512-NOIR-Flavicon-2.png 512w, https:\/\/masdetoureves.fr\/wp-content\/uploads\/2025\/08\/cropped-LOGO-CARRE-512x512-NOIR-T_LOGO-CARRE-512x512-NOIR-Flavicon-2-300x300.png 300w, https:\/\/masdetoureves.fr\/wp-content\/uploads\/2025\/08\/cropped-LOGO-CARRE-512x512-NOIR-T_LOGO-CARRE-512x512-NOIR-Flavicon-2-150x150.png 150w, https:\/\/masdetoureves.fr\/wp-content\/uploads\/2025\/08\/cropped-LOGO-CARRE-512x512-NOIR-T_LOGO-CARRE-512x512-NOIR-Flavicon-2-270x270.png 270w, https:\/\/masdetoureves.fr\/wp-content\/uploads\/2025\/08\/cropped-LOGO-CARRE-512x512-NOIR-T_LOGO-CARRE-512x512-NOIR-Flavicon-2-192x192.png 192w, https:\/\/masdetoureves.fr\/wp-content\/uploads\/2025\/08\/cropped-LOGO-CARRE-512x512-NOIR-T_LOGO-CARRE-512x512-NOIR-Flavicon-2-180x180.png 180w, https:\/\/masdetoureves.fr\/wp-content\/uploads\/2025\/08\/cropped-LOGO-CARRE-512x512-NOIR-T_LOGO-CARRE-512x512-NOIR-Flavicon-2-32x32.png 32w\" sizes=\"auto, (max-width: 512px) 100vw, 512px\" \/><\/figure>\n\n\n\n<p class=\"has-text-align-center\"><strong>March\u00e9<br>Villeneuve-l\u00e8s-Avignon<\/strong><br><em>Tous les jeudis<\/em><\/p>\n<\/div>\n\n\n\n<div class=\"wp-block-column is-layout-flow wp-block-column-is-layout-flow\">\n<figure class=\"wp-block-image aligncenter size-full is-resized\"><img loading=\"lazy\" decoding=\"async\" width=\"512\" height=\"512\" src=\"https:\/\/masdetoureves.fr\/wp-content\/uploads\/2025\/08\/cropped-LOGO-CARRE-512x512-NOIR-T_LOGO-CARRE-512x512-NOIR-Flavicon-2.png\" alt=\"\" class=\"wp-image-55\" style=\"width:40px\" srcset=\"https:\/\/masdetoureves.fr\/wp-content\/uploads\/2025\/08\/cropped-LOGO-CARRE-512x512-NOIR-T_LOGO-CARRE-512x512-NOIR-Flavicon-2.png 512w, https:\/\/masdetoureves.fr\/wp-content\/uploads\/2025\/08\/cropped-LOGO-CARRE-512x512-NOIR-T_LOGO-CARRE-512x512-NOIR-Flavicon-2-300x300.png 300w, https:\/\/masdetoureves.fr\/wp-content\/uploads\/2025\/08\/cropped-LOGO-CARRE-512x512-NOIR-T_LOGO-CARRE-512x512-NOIR-Flavicon-2-150x150.png 150w, https:\/\/masdetoureves.fr\/wp-content\/uploads\/2025\/08\/cropped-LOGO-CARRE-512x512-NOIR-T_LOGO-CARRE-512x512-NOIR-Flavicon-2-270x270.png 270w, https:\/\/masdetoureves.fr\/wp-content\/uploads\/2025\/08\/cropped-LOGO-CARRE-512x512-NOIR-T_LOGO-CARRE-512x512-NOIR-Flavicon-2-192x192.png 192w, https:\/\/masdetoureves.fr\/wp-content\/uploads\/2025\/08\/cropped-LOGO-CARRE-512x512-NOIR-T_LOGO-CARRE-512x512-NOIR-Flavicon-2-180x180.png 180w, https:\/\/masdetoureves.fr\/wp-content\/uploads\/2025\/08\/cropped-LOGO-CARRE-512x512-NOIR-T_LOGO-CARRE-512x512-NOIR-Flavicon-2-32x32.png 32w\" sizes=\"auto, (max-width: 512px) 100vw, 512px\" \/><\/figure>\n\n\n\n<p class=\"has-text-align-center has-ast-global-color-3-color has-text-color has-link-color wp-elements-f501dde417c136ae3178c36697ab342c\"><strong>Halles de l\u2019Abbaye \u00e0 Al\u00e8s<\/strong><br><em>Tous les vendredis, samedis &amp; dimanches matin<br>de 7h \u00e0 13h<\/em><\/p>\n<\/div>\n<\/div>\n\n\n\n<div class=\"wp-block-columns is-layout-flex wp-container-core-columns-is-layout-28f84493 wp-block-columns-is-layout-flex\">\n<div class=\"wp-block-column is-layout-flow wp-block-column-is-layout-flow\">\n<figure class=\"wp-block-image size-large\"><img loading=\"lazy\" decoding=\"async\" width=\"1024\" height=\"576\" src=\"https:\/\/masdetoureves.fr\/wp-content\/uploads\/2025\/08\/Stand-Halles-1024x576.jpg\" alt=\"\" class=\"wp-image-589\" srcset=\"https:\/\/masdetoureves.fr\/wp-content\/uploads\/2025\/08\/Stand-Halles-1024x576.jpg 1024w, https:\/\/masdetoureves.fr\/wp-content\/uploads\/2025\/08\/Stand-Halles-300x169.jpg 300w, https:\/\/masdetoureves.fr\/wp-content\/uploads\/2025\/08\/Stand-Halles-768x432.jpg 768w, https:\/\/masdetoureves.fr\/wp-content\/uploads\/2025\/08\/Stand-Halles-1536x864.jpg 1536w, https:\/\/masdetoureves.fr\/wp-content\/uploads\/2025\/08\/Stand-Halles-2048x1152.jpg 2048w\" sizes=\"auto, (max-width: 1024px) 100vw, 1024px\" \/><\/figure>\n<\/div>\n\n\n\n<div class=\"wp-block-column is-vertically-aligned-center is-layout-flow wp-block-column-is-layout-flow\">\n<figure class=\"wp-block-image aligncenter size-full is-resized\"><img loading=\"lazy\" decoding=\"async\" width=\"512\" height=\"512\" src=\"https:\/\/masdetoureves.fr\/wp-content\/uploads\/2025\/08\/cropped-LOGO-CARRE-512x512-NOIR-T_LOGO-CARRE-512x512-NOIR-Flavicon-2.png\" alt=\"\" class=\"wp-image-55\" style=\"width:40px\" srcset=\"https:\/\/masdetoureves.fr\/wp-content\/uploads\/2025\/08\/cropped-LOGO-CARRE-512x512-NOIR-T_LOGO-CARRE-512x512-NOIR-Flavicon-2.png 512w, https:\/\/masdetoureves.fr\/wp-content\/uploads\/2025\/08\/cropped-LOGO-CARRE-512x512-NOIR-T_LOGO-CARRE-512x512-NOIR-Flavicon-2-300x300.png 300w, https:\/\/masdetoureves.fr\/wp-content\/uploads\/2025\/08\/cropped-LOGO-CARRE-512x512-NOIR-T_LOGO-CARRE-512x512-NOIR-Flavicon-2-150x150.png 150w, https:\/\/masdetoureves.fr\/wp-content\/uploads\/2025\/08\/cropped-LOGO-CARRE-512x512-NOIR-T_LOGO-CARRE-512x512-NOIR-Flavicon-2-270x270.png 270w, https:\/\/masdetoureves.fr\/wp-content\/uploads\/2025\/08\/cropped-LOGO-CARRE-512x512-NOIR-T_LOGO-CARRE-512x512-NOIR-Flavicon-2-192x192.png 192w, https:\/\/masdetoureves.fr\/wp-content\/uploads\/2025\/08\/cropped-LOGO-CARRE-512x512-NOIR-T_LOGO-CARRE-512x512-NOIR-Flavicon-2-180x180.png 180w, https:\/\/masdetoureves.fr\/wp-content\/uploads\/2025\/08\/cropped-LOGO-CARRE-512x512-NOIR-T_LOGO-CARRE-512x512-NOIR-Flavicon-2-32x32.png 32w\" sizes=\"auto, (max-width: 512px) 100vw, 512px\" \/><\/figure>\n\n\n\n<p class=\"has-text-align-center\"><strong>Lors de journ\u00e9es th\u00e9matiques<\/strong><br><em>F\u00eate de la Ch\u00e2taigne <\/em><br><em>le Samedi 11 octobre \u00e0 Al\u00e8s (30)<\/em><br><em><br>Festival Saveurs et terroirs<\/em><br><em>le Dimanche 12 octobre \u00e0 Uz\u00e8s (30)<\/em><\/p>\n<\/div>\n<\/div>\n\n\n\n<hr class=\"wp-block-separator has-text-color has-ast-global-color-0-color has-alpha-channel-opacity has-ast-global-color-0-background-color has-background\" style=\"margin-top:var(--wp--preset--spacing--60);margin-bottom:var(--wp--preset--spacing--60)\"\/>\n\n\n\n<h2 class=\"wp-block-heading has-text-align-center has-large-font-size\">Sur place \u00e0 la ferme<br>ou par exp\u00e9dition<\/h2>\n\n\n\n<p class=\"has-text-align-center\"><br>en commandant par mail<br> mastoureves@gmail.com <\/p>\n\n\n\n<div class=\"wp-block-buttons is-content-justification-center is-layout-flex wp-container-core-buttons-is-layout-a89b3969 wp-block-buttons-is-layout-flex\">\n<div class=\"wp-block-button\"><a class=\"wp-block-button__link wp-element-button\" href=\"https:\/\/masdetoureves.fr\/index.php\/bon-de-commande\/\">Bon de commande<\/a><\/div>\n<\/div>\n\n\n\n<hr class=\"wp-block-separator has-text-color has-ast-global-color-0-color has-alpha-channel-opacity has-ast-global-color-0-background-color has-background\" style=\"margin-top:var(--wp--preset--spacing--60);margin-bottom:var(--wp--preset--spacing--60)\"\/>\n\n\n\n<h2 class=\"wp-block-heading has-text-align-center has-large-font-size\">Ils nous font confiance et distribuent nos productions<\/h2>\n\n\n\n<div class=\"wp-block-columns is-layout-flex wp-container-core-columns-is-layout-28f84493 wp-block-columns-is-layout-flex\">\n<div class=\"wp-block-column is-layout-flow wp-block-column-is-layout-flow\" style=\"flex-basis:33.34%\">\n<figure class=\"wp-block-image aligncenter size-full is-resized\"><img loading=\"lazy\" decoding=\"async\" width=\"512\" height=\"512\" src=\"https:\/\/masdetoureves.fr\/wp-content\/uploads\/2025\/08\/cropped-LOGO-CARRE-512x512-NOIR-T_LOGO-CARRE-512x512-NOIR-Flavicon-2.png\" alt=\"\" class=\"wp-image-55\" style=\"width:40px\" srcset=\"https:\/\/masdetoureves.fr\/wp-content\/uploads\/2025\/08\/cropped-LOGO-CARRE-512x512-NOIR-T_LOGO-CARRE-512x512-NOIR-Flavicon-2.png 512w, https:\/\/masdetoureves.fr\/wp-content\/uploads\/2025\/08\/cropped-LOGO-CARRE-512x512-NOIR-T_LOGO-CARRE-512x512-NOIR-Flavicon-2-300x300.png 300w, https:\/\/masdetoureves.fr\/wp-content\/uploads\/2025\/08\/cropped-LOGO-CARRE-512x512-NOIR-T_LOGO-CARRE-512x512-NOIR-Flavicon-2-150x150.png 150w, https:\/\/masdetoureves.fr\/wp-content\/uploads\/2025\/08\/cropped-LOGO-CARRE-512x512-NOIR-T_LOGO-CARRE-512x512-NOIR-Flavicon-2-270x270.png 270w, https:\/\/masdetoureves.fr\/wp-content\/uploads\/2025\/08\/cropped-LOGO-CARRE-512x512-NOIR-T_LOGO-CARRE-512x512-NOIR-Flavicon-2-192x192.png 192w, https:\/\/masdetoureves.fr\/wp-content\/uploads\/2025\/08\/cropped-LOGO-CARRE-512x512-NOIR-T_LOGO-CARRE-512x512-NOIR-Flavicon-2-180x180.png 180w, https:\/\/masdetoureves.fr\/wp-content\/uploads\/2025\/08\/cropped-LOGO-CARRE-512x512-NOIR-T_LOGO-CARRE-512x512-NOIR-Flavicon-2-32x32.png 32w\" sizes=\"auto, (max-width: 512px) 100vw, 512px\" \/><\/figure>\n\n\n\n<h2 class=\"wp-block-heading has-text-align-center has-medium-font-size\">En Loz\u00e8re (48)<\/h2>\n\n\n\n<p class=\"has-text-align-center\"><strong>Le Relai de l&rsquo;Espinas<\/strong><br><em>Ventalon-en-C\u00e9vennes<\/em><br><br><strong>LM Epicerie<\/strong><br><em>Collet-de-D\u00e8ze<\/em><br><br><strong>Le Bertoul C\u00e9venol<\/strong><br><em>Saint-Michel-de-D\u00e8ze<\/em><br><br><strong>C\u00e9vennes in the Box<\/strong><br><em>Pont-de-Montvert<\/em><br><br><strong>Le Fourgon du tonton<\/strong><br><em>Vialas<\/em><\/p>\n<\/div>\n\n\n\n<div class=\"wp-block-column is-layout-flow wp-block-column-is-layout-flow\" style=\"flex-basis:33.34%\">\n<figure class=\"wp-block-image aligncenter size-full is-resized\"><img loading=\"lazy\" decoding=\"async\" width=\"512\" height=\"512\" src=\"https:\/\/masdetoureves.fr\/wp-content\/uploads\/2025\/08\/cropped-LOGO-CARRE-512x512-NOIR-T_LOGO-CARRE-512x512-NOIR-Flavicon-2.png\" alt=\"\" class=\"wp-image-55\" style=\"width:40px\" srcset=\"https:\/\/masdetoureves.fr\/wp-content\/uploads\/2025\/08\/cropped-LOGO-CARRE-512x512-NOIR-T_LOGO-CARRE-512x512-NOIR-Flavicon-2.png 512w, https:\/\/masdetoureves.fr\/wp-content\/uploads\/2025\/08\/cropped-LOGO-CARRE-512x512-NOIR-T_LOGO-CARRE-512x512-NOIR-Flavicon-2-300x300.png 300w, https:\/\/masdetoureves.fr\/wp-content\/uploads\/2025\/08\/cropped-LOGO-CARRE-512x512-NOIR-T_LOGO-CARRE-512x512-NOIR-Flavicon-2-150x150.png 150w, https:\/\/masdetoureves.fr\/wp-content\/uploads\/2025\/08\/cropped-LOGO-CARRE-512x512-NOIR-T_LOGO-CARRE-512x512-NOIR-Flavicon-2-270x270.png 270w, https:\/\/masdetoureves.fr\/wp-content\/uploads\/2025\/08\/cropped-LOGO-CARRE-512x512-NOIR-T_LOGO-CARRE-512x512-NOIR-Flavicon-2-192x192.png 192w, https:\/\/masdetoureves.fr\/wp-content\/uploads\/2025\/08\/cropped-LOGO-CARRE-512x512-NOIR-T_LOGO-CARRE-512x512-NOIR-Flavicon-2-180x180.png 180w, https:\/\/masdetoureves.fr\/wp-content\/uploads\/2025\/08\/cropped-LOGO-CARRE-512x512-NOIR-T_LOGO-CARRE-512x512-NOIR-Flavicon-2-32x32.png 32w\" sizes=\"auto, (max-width: 512px) 100vw, 512px\" \/><\/figure>\n\n\n\n<h2 class=\"wp-block-heading has-text-align-center has-medium-font-size\">Dans le Gard (30)<\/h2>\n\n\n\n<p class=\"has-text-align-center\"><strong>Mybioshop<\/strong><br>magasin bio<br><em>Bagnols-sur-C\u00e8ze &amp; Remoulins<\/em><br><br><strong>L&rsquo;Abbaye du Fort Saint-Andr\u00e9<\/strong><br><em>Villeuneuve-l\u00e8s-Avignon<\/em><br><br><strong>Mus\u00e9e Vouland<\/strong><br><em>Avignon<\/em><\/p>\n<\/div>\n\n\n\n<div class=\"wp-block-column is-layout-flow wp-block-column-is-layout-flow\" style=\"flex-basis:33.33%\">\n<figure class=\"wp-block-image aligncenter size-full is-resized\"><img loading=\"lazy\" decoding=\"async\" width=\"512\" height=\"512\" src=\"https:\/\/masdetoureves.fr\/wp-content\/uploads\/2025\/08\/cropped-LOGO-CARRE-512x512-NOIR-T_LOGO-CARRE-512x512-NOIR-Flavicon-2.png\" alt=\"\" class=\"wp-image-55\" style=\"width:40px\" srcset=\"https:\/\/masdetoureves.fr\/wp-content\/uploads\/2025\/08\/cropped-LOGO-CARRE-512x512-NOIR-T_LOGO-CARRE-512x512-NOIR-Flavicon-2.png 512w, https:\/\/masdetoureves.fr\/wp-content\/uploads\/2025\/08\/cropped-LOGO-CARRE-512x512-NOIR-T_LOGO-CARRE-512x512-NOIR-Flavicon-2-300x300.png 300w, https:\/\/masdetoureves.fr\/wp-content\/uploads\/2025\/08\/cropped-LOGO-CARRE-512x512-NOIR-T_LOGO-CARRE-512x512-NOIR-Flavicon-2-150x150.png 150w, https:\/\/masdetoureves.fr\/wp-content\/uploads\/2025\/08\/cropped-LOGO-CARRE-512x512-NOIR-T_LOGO-CARRE-512x512-NOIR-Flavicon-2-270x270.png 270w, https:\/\/masdetoureves.fr\/wp-content\/uploads\/2025\/08\/cropped-LOGO-CARRE-512x512-NOIR-T_LOGO-CARRE-512x512-NOIR-Flavicon-2-192x192.png 192w, https:\/\/masdetoureves.fr\/wp-content\/uploads\/2025\/08\/cropped-LOGO-CARRE-512x512-NOIR-T_LOGO-CARRE-512x512-NOIR-Flavicon-2-180x180.png 180w, https:\/\/masdetoureves.fr\/wp-content\/uploads\/2025\/08\/cropped-LOGO-CARRE-512x512-NOIR-T_LOGO-CARRE-512x512-NOIR-Flavicon-2-32x32.png 32w\" sizes=\"auto, (max-width: 512px) 100vw, 512px\" \/><\/figure>\n\n\n\n<h2 class=\"wp-block-heading has-text-align-center has-medium-font-size\">Dans d\u2019autres d\u00e9partements\u2026<\/h2>\n\n\n\n<p class=\"has-text-align-center\"><strong>Epicerie Lauzet<\/strong><br><em>Thiezac Cantal (15)<\/em><br><br><strong>Mybioshop<\/strong><br>magasin bio<br><em>Boll\u00e8ne, Vaucluse (84)<\/em><br><br><strong>Ferme de P\u00e8bre<\/strong><br><em>Vinon-sur-Verdon, Var (83)<\/em><br><br><strong>La r\u00e9colte des Confines<\/strong><br><em>Eyragues (13)<\/em><br><br><strong>O bonheur de Sophie<\/strong><br>\u00e9picerie itin\u00e9rante sur les march\u00e9s <em>Paradou, Mouri\u00e8s, Saint-Martin de Crau (13) et Carnon plage (34)<\/em><\/p>\n<\/div>\n<\/div>\n\n\n\n<hr class=\"wp-block-separator has-text-color has-ast-global-color-0-color has-alpha-channel-opacity has-ast-global-color-0-background-color has-background\" style=\"margin-top:var(--wp--preset--spacing--60);margin-bottom:var(--wp--preset--spacing--60)\"\/>\n\n\n\n<h2 class=\"wp-block-heading has-text-align-center has-large-font-size\">Ils confectionnent des mets<br>avec nos productions<\/h2>\n\n\n\n<p class=\"has-text-align-center\"><strong>Le Croc gourmand<\/strong><br>Bar \u00e0 madeleines itin\u00e9rant<br><br><strong>Les Petits gla\u00e7ons<\/strong><br> Glaces et sorbets artisanaux<br><em>Clermont-Ferrand (63)<\/em><br><br><strong>La Cr\u00e8merie g\u00e9n\u00e9rale<\/strong><br><em>Villeneuve-les-Avignon (30)<\/em><\/p>\n\n\n\n<hr class=\"wp-block-separator has-text-color has-ast-global-color-0-color has-alpha-channel-opacity has-ast-global-color-0-background-color has-background\" style=\"margin-top:var(--wp--preset--spacing--60);margin-bottom:var(--wp--preset--spacing--60)\"\/>\n\n\n\n<blockquote class=\"wp-block-quote is-layout-flow wp-block-quote-is-layout-flow\">\n<p class=\"has-text-align-center\">Soyons le changement que nous voulons voir dans le monde.<\/p>\n<\/blockquote>\n","protected":false},"excerpt":{"rendered":"<p>Nous conctacter Retrouvez nous \u00e0 la fermeMas De Tourev\u00e8s 48160 Le Collet de D\u00e8ze mastoureves@gmail.com06 21 69 22 03 O\u00f9 [&hellip;]<\/p>\n","protected":false},"author":1,"featured_media":0,"parent":0,"menu_order":0,"comment_status":"closed","ping_status":"closed","template":"","meta":{"site-sidebar-layout":"default","site-content-layout":"","ast-site-content-layout":"default","site-content-style":"default","site-sidebar-style":"default","ast-global-header-display":"","ast-banner-title-visibility":"","ast-main-header-display":"","ast-hfb-above-header-display":"","ast-hfb-below-header-display":"","ast-hfb-mobile-header-display":"","site-post-title":"","ast-breadcrumbs-content":"","ast-featured-img":"","footer-sml-layout":"","theme-transparent-header-meta":"","adv-header-id-meta":"","stick-header-meta":"","header-above-stick-meta":"","header-main-stick-meta":"","header-below-stick-meta":"","astra-migrate-meta-layouts":"default","ast-page-background-enabled":"default","ast-page-background-meta":{"desktop":{"background-color":"var(--ast-global-color-5)","background-image":"","background-repeat":"repeat","background-position":"center center","background-size":"auto","background-attachment":"scroll","background-type":"","background-media":"","overlay-type":"","overlay-color":"","overlay-opacity":"","overlay-gradient":""},"tablet":{"background-color":"","background-image":"","background-repeat":"repeat","background-position":"center center","background-size":"auto","background-attachment":"scroll","background-type":"","background-media":"","overlay-type":"","overlay-color":"","overlay-opacity":"","overlay-gradient":""},"mobile":{"background-color":"","background-image":"","background-repeat":"repeat","background-position":"center center","background-size":"auto","background-attachment":"scroll","background-type":"","background-media":"","overlay-type":"","overlay-color":"","overlay-opacity":"","overlay-gradient":""}},"ast-content-background-meta":{"desktop":{"background-color":"var(--ast-global-color-4)","background-image":"","background-repeat":"repeat","background-position":"center center","background-size":"auto","background-attachment":"scroll","background-type":"","background-media":"","overlay-type":"","overlay-color":"","overlay-opacity":"","overlay-gradient":""},"tablet":{"background-color":"var(--ast-global-color-4)","background-image":"","background-repeat":"repeat","background-position":"center center","background-size":"auto","background-attachment":"scroll","background-type":"","background-media":"","overlay-type":"","overlay-color":"","overlay-opacity":"","overlay-gradient":""},"mobile":{"background-color":"var(--ast-global-color-4)","background-image":"","background-repeat":"repeat","background-position":"center center","background-size":"auto","background-attachment":"scroll","background-type":"","background-media":"","overlay-type":"","overlay-color":"","overlay-opacity":"","overlay-gradient":""}},"footnotes":""},"class_list":["post-20","page","type-page","status-publish","hentry"],"_links":{"self":[{"href":"https:\/\/masdetoureves.fr\/index.php\/wp-json\/wp\/v2\/pages\/20","targetHints":{"allow":["GET"]}}],"collection":[{"href":"https:\/\/masdetoureves.fr\/index.php\/wp-json\/wp\/v2\/pages"}],"about":[{"href":"https:\/\/masdetoureves.fr\/index.php\/wp-json\/wp\/v2\/types\/page"}],"author":[{"embeddable":true,"href":"https:\/\/masdetoureves.fr\/index.php\/wp-json\/wp\/v2\/users\/1"}],"replies":[{"embeddable":true,"href":"https:\/\/masdetoureves.fr\/index.php\/wp-json\/wp\/v2\/comments?post=20"}],"version-history":[{"count":69,"href":"https:\/\/masdetoureves.fr\/index.php\/wp-json\/wp\/v2\/pages\/20\/revisions"}],"predecessor-version":[{"id":633,"href":"https:\/\/masdetoureves.fr\/index.php\/wp-json\/wp\/v2\/pages\/20\/revisions\/633"}],"wp:attachment":[{"href":"https:\/\/masdetoureves.fr\/index.php\/wp-json\/wp\/v2\/media?parent=20"}],"curies":[{"name":"wp","href":"https:\/\/api.w.org\/{rel}","templated":true}]}}